 + 0*a = -j*a + 102, v = 3*a - 51. Let z = v + 90. What is the tens digit of z?
3
Suppose -880 = -5*j - 5*f, -3*j - 5*f + 200 = -328. Let x = -90 + j. What is the tens digit of x?
8
Suppose -l = -5*f + 5726, -5*f - 18*l + 5724 = -17*l. What is the thousands digit of f?
1
Suppose -48*q + 88745 - 8297 = 0. What is the thousands digit of q?
1
Suppose 1977 = 3*n + 5*r + 544, -2*r = -5*n + 2378. Suppose n = 3*f + f. What is the tens digit of f?
1
Suppose 239 = -2*p + 247. Suppose p*v = -2*v + 1476. What is the hundreds digit of v?
2
Let w = 1527 - 1092. What is the units digit of w?
5
What is the hundreds digit of (-9215)/(-38)*(-780)/(-50)?
7
Suppose 0 = 5*l - 2*h - 7955, -1594 = -l - 0*h + h. What is the tens digit of l?
8
Suppose 0 = 3*f + 3, -3*a + 2941 = -4*f + 240. What is the hundreds digit of a?
8
Suppose 5*p = 4*m - 17, -5 = -m + 3*p + 1. Suppose 5*d - 10 = -5*b, -m*d + 2 = -5*b + 20. What is the units digit of b?
3
Suppose -9 + 158 = q. What is the units digit of q?
9
Let v be -1 - 1 - (-6)/1. Suppose 0 = -y + 5, -2*y + 150 = 4*x - v*y. Suppose -h - 16 = -2*n, 5*n + 0*n - 3*h = x. What is the units digit of n?
8
Let v(a) = 3*a - 5*a - 22 - 3*a - 8*a. What is the units digit of v(-8)?
2
Suppose 0 = -3*y - d + 17, 2*y + 9 = 3*y + d. Suppose 0*m - 2*u = -2*m + y, 6 = 3*m - 4*u. Suppose -m*b - 6 + 34 = 0. What is the tens digit of b?
1
Let x(p) be the third derivative of p**5/30 + p**4/12 - p**3/6 - 14*p**2. What is the hundreds digit of x(8)?
1
What is the units digit of (-54)/(-9)*2/(-12) - -662?
1
Suppose -4*a + 426 = -1062. What is the tens digit of a?
7
Let w(v) = -v**2 + v + 1. Let c(u) = -18*u**2 + 4*u + 7. Let l(z) = -c(z) + 4*w(z). What is the tens digit of l(2)?
5
Suppose -5*j + 7 = -3. Suppose -5*c + 12 = -j*c. Suppose c*i - 5 = -25, 2*r - 4*i = 54. What is the units digit of r?
7
Let f(o) = -44*o - 69. What is the tens digit of f(-6)?
9
Suppose 7 = 2*o - o. Suppose 0 = 2*s - 75 + o. Let h = s + -10. What is the units digit of h?
4
Let a(v) = v**2 - 4*v - 12. Let z be a(-8). Suppose -34 = 5*s - z. Let h(n) = n**3 - 9*n**2 - 9*n - 4. What is the units digit of h(s)?
6
Let k = 1730 + 653. What is the hundreds digit of k?
3
What is the tens digit of 627 - 4/(-7 - -5)?
2
Suppose -2*q + 7 = -11. Let k be (q/(-3))/((-3)/(-3)). What is the units digit of (5 + k)*(-11)/(-2)?
1
Let u(d) = -d**2 - 4*d - 1. Let h be u(-3). Suppose 4*j = 4*n + 180, 3*n - h*j + 132 = 2*j. Let i = -23 - n. What is the units digit of i?
5
Let i = -4 - -8. Suppose l + i*l = 135. What is the tens digit of l?
2
Let u(m) = m**3 - 27*m**2 - 9*m - 72. What is the hundreds digit of u(28)?
4
Let a(h) = -3*h**3 - 18*h**2 - 2*h - 32. Let f(v) = 8*v**3 + 53*v**2 + 7*v + 95. Let g(j) = 11*a(j) + 4*f(j). What is the units digit of g(14)?
2
Suppose 0 = n - 8 - 3. Let d = n + -6. Suppose -22 - 3 = -d*t. What is the units digit of t?
5
Suppose -p + 1 = -5. Suppose 0 = p*d - 7*d + 14. What is the units digit of (-6)/d - 300/(-14)?
1
Let z be (4 + 11)*(-10)/(-6). Suppose -5*o + z = 2*d, -1 = -2*o + 9. Suppose d = 4*w - w - 126. What is the tens digit of w?
4
Let v be 115 + (32/(-2))/4. Let s = v + -64. What is the tens digit of s?
4
Suppose 490 = -f - 4*f. Let r = 162 - f. What is the hundreds digit of r?
2
Let i(m) = 5*m**2 + 13*m. Let f be i(8). What is the tens digit of (-1)/((12/f)/(-3))?
0
Suppose 17 = 3*t - 4*j, 2*j - 4 = j. Let h(f) = f**3 - 12*f**2 + 10*f + 21. What is the units digit of h(t)?
0
Suppose -3*r - 5*j = -3409, -5*r - 3*j - 453 + 6156 = 0. What is the units digit of r?
3
Suppose -5*y = -4*s - 33, -13 = -3*y + 4*s - 5*s. Suppose 19 + 101 = 3*o. Suppose 3*b + b = 5*q - 35, -o = -y*q + 5*b. What is the units digit of q?
3
Let o(j) = j**2 + j - 4. Suppose -2*m + 11 = -9. Let u = m + -14. What is the units digit of o(u)?
8
What is the units digit of 2/(6 - 12) - (-4076)/6?
9
Suppose -3*r + 2*c + 8998 = 0, -31*r + 29*r - 2*c + 6012 = 0. What is the units digit of r?
2
What is the thousands digit of -188*(898/(-44) - 3/33)?
3
What is the tens digit of -18 - -26 - (-1 - 1291)?
0
Let k(y) = -20*y**3 + 4*y**2 + 18*y + 36. What is the hundreds digit of k(-5)?
5
Suppose -2*b = 3*g - 33, -5*g + 0*b + 33 = -4*b. Suppose -7*z + g*z = 148. What is the tens digit of z?
7
Let c(u) = 6*u**2 - 14*u - 34. What is the hundreds digit of c(-13)?
1
Let m = 4268 - 613. What is the units digit of m?
5
Let a(c) = -2*c + 18. Let r be a(12). What is the tens digit of (-2 - 2)*183/r?
2
Let b be (-2)/4*1*-6. Suppose 2*l - 3 = 5*y, l = 2*y + 5 - 3. Suppose -b*n = -3*r - 30, -4*r - 38 = -l*n - r. What is the units digit of n?
8
Suppose 4*q + 2 = -b + 2*b, -b + 1 = -3*q. What is the tens digit of 2*(-5)/(-15)*(-513)/b?
7
Let n be ((-80)/25)/(6/15). What is the tens digit of 9/((-36)/n) - (-1 + -16)?
1
Let j(b) = -b**3 + 12*b**2 - 8*b - 11. Let i(m) = 4 - m**2 + 3*m + 11*m - 6*m. Let w be i(7). What is the tens digit of j(w)?
2
Let f = -5471 + 10936. What is the units digit of f?
5
Let v(p) = -p**3 + 16*p**2 + 6*p - 7. What is the units digit of v(13)?
8
Let w = 142 + -138. Suppose -3*t + 838 = d, 0 = -w*t - 4*d - 2 + 1130. What is the tens digit of t?
7
Suppose 2*z + 3*z + 20 = 0, -1492 = -3*i - 5*z. What is the hundreds digit of i?
5
Let v = 186 - -1014. What is the tens digit of v?
0
Let z = 249 + -11. What is the tens digit of z?
3
Let y be ((-12)/(-30))/(2/20). Let t be (-75)/(-6)*y/5. Suppose 2*b = 3*b - t. What is the tens digit of b?
1
Suppose 0 = 8*c - 19 - 21. Suppose -v - c*h + 235 = 0, -3*h + 844 = 3*v + 187. What is the units digit of v?
5
Let r(p) = p**2 - p**2 - p**2. Let o(c) = 3*c**2 + 9*c + 8. Let j(m) = -o(m) - 4*r(m). What is the units digit of j(10)?
2
Let z(b) = -b**3 + 3*b**2 + b - 1. Let c be z(3). Suppose -3*x - 5*a - 11 - c = 0, -1 = -x + a. What is the units digit of (-3 - -7)*(x - -11)?
0
Suppose 0 = -2*k + 5*k. Suppose k = -l + 4 + 2. What is the tens digit of 21*(4 - 20/l)?
1
Let k be -145 + -3 + (-2)/(-1). Let d be 1 + k - 13/(-13). Let c = -101 - d. What is the units digit of c?
3
Let o(j) = j**2 - 5*j - 1. Let i be o(6). Let u(m) = 2*m + 14. Let p(w) = w + 9. Let q(h) = -8*p(h) + 5*u(h). What is the units digit of q(i)?
8
Suppose -3*w + 0*j - j = 1, 0 = -4*w - 4*j + 12. Let r = w - -1. Let k = 5 + r. What is the units digit of k?
4
What is the tens digit of 9802/(-29)*(-2 - (2 + -3))?
3
Let i(j) = 3*j + 8. Let w be i(13). Suppose -3*g = -0*y + 3*y - 15, -5*g = -4*y + w. What is the units digit of y?
8
Let r(w) = -w**2 - 2*w + 27. What is the tens digit of r(0)?
2
Let w be (66/55)/((-2)/(-5)). Suppose -w*c + 4 = -c. Let u = 4 + c. What is the units digit of u?
6
Suppose -5*x + 6189 = 5*g - 366, 2*g - 2634 = 2*x. What is the thousands digit of g?
1
Let k = 6 + -3. Suppose c - 188 = -4*s - c, -c = k*s - 143. Suppose s + 79 = 4*r. What is the tens digit of r?
3
Suppose s - 2 = 2*s. Let j be s/6 - (-128)/24. Suppose 0 = z + 4*m - 51 + 18, 2*z + j*m = 63. What is the units digit of z?
9
Suppose 3*y - 3*z - 11421 = 0, -54*y + 53*y + 3806 = -2*z. What is the tens digit of y?
0
Let y(k) = k**3 - 14*k**2 + 13*k - 2. Let z be y(13). Let j = z - -1. Let l = j + 17. What is the tens digit of l?
1
Let k = -14 - -15. Suppose -29 - k = -3*m. What is the units digit of ((-15)/m)/(3/(-92))?
6
Let s(z) = z**2 - 4*z - 10. Suppose -7*i + 52 - 17 = 0. Let d be s(i). What is the units digit of d/(-3*2/78)?
5
Let d(y) = y**3 - 36*y**2 - 29*y + 126. What is the units digit of d(38)?
2
Suppose -4*z - 7 = 5*r, -4*z = 2*r - 7 + 5. What is the tens digit of -89*r*((-20)/12 + 2)?
8
Let q = -33 + 29. What is the units digit of 4 + (q - 2) - -96?
4
What is the units digit of (2768/144 - 19) + (-49316)/(-18)?
0
What is the units digit of (37 + 11)/(6/627)?
6
Suppose -5*l + 2*l = 9. Let h = l - -53. What is the tens digit of h?
5
Let x(o) = -9*o + 46. What is the units digit of x(-27)?
9
Let s be ((-18)/9)/((-2)/(-3)). Let c be s + 0 + 8 + -1. Let l = 17 + c. What is the units digit of l?
1
Suppose 2*j = 3 + 7. Suppose 0 = -j*r + 145 + 15. What is the tens digit of r?
3
Let d(i) = -9*i**3 - 4*i**2 - 26*i - 34. What is the hundreds digit of d(-7)?
0
Let r be (-1)/((4 - 7)/(-1590)). Let l = -340 - r. What is the units digit of l?
0
Suppose m + 350 = i, -i - 5*m = 2*i - 1090. What is the hundred